 k(-3)?
12
Let h(p) = 2*p**3 + 46*p**2 - 61*p - 264. Calculate h(-24).
48
Let d(t) = -68*t - 482. Determine d(-7).
-6
Let w(m) = -3*m**3 + 37*m**2 - 127*m + 2000. What is w(13)?
11
Let v(o) = -o**3 + 5*o**2 + 10*o + 3. Give v(-1).
-1
Let l(s) = -8*s**2 + 89*s - 254. Determine l(3).
-59
Let b(s) = -4699*s - 9411. Calculate b(-2).
-13
Let b(a) = -2*a**2 + 9*a - 57. Determine b(0).
-57
Let f(w) = -4*w**3 + 101*w**2 - 197*w + 45. Calculate f(23).
275
Let v(s) = -570*s - 1. What is v(-1)?
569
Let f(r) = -r**2 + 12*r + 1430. Give f(50).
-470
Let c(m) = 16*m + 22. Determine c(-13).
-186
Let m(a) = 5*a**2 + 161*a + 1085. Determine m(-9).
41
Let b(l) = -2*l**3 + 38*l**2 + 1117*l + 115. Calculate b(35).
10
Let x(f) = -3*f - 100. Give x(2).
-106
Let g(o) = -o**3 - 12*o**2 - 30*o + 3. Determine g(-8).
-13
Let x(u) = -5*u**3 - 10*u**2 - 6*u - 5. What is x(-2)?
7
Let l(f) = -2*f**3 - 137*f**2 - 62*f + 161. Determine l(-68).
-247
Let u(m) = m**2 - 57*m - 918. Calculate u(70).
-8
Let z(j) = -26*j - 1778. Determine z(-74).
146
Let h(z) = -z**3 - 14*z**2 + 12*z - 83. Determine h(-16).
237
Let o(u) = -6*u**2 + 40*u + 22. Give o(12).
-362
Let u(h) = 11*h + 183. Calculate u(-13).
40
Let g(l) = l**2 + 60*l - 57179. Determine g(211).
2
Let o(g) = -2*g**2 - 166*g + 1020. Determine o(6).
-48
Let t(i) = i**3 - 75*i**2 + 75*i + 224. Give t(74).
298
Let w(t) = 336*t + 3354. Give w(-10).
-6
Let u(l) = l**3 + 12*l**2 - 17*l + 46. Give u(-14).
-108
Let i(s) = -2*s**3 - 384*s**2 - 767*s + 1. Calculate i(-2).
15
Let h(v) = -248*v - 13153. What is h(-53)?
-9
Let i(q) = 187*q + 2256. Give i(-12).
12
Let z(i) = 108*i + 311. Calculate z(-3).
-13
Let g(y) = y**2 - 71*y + 862. Calculate g(54).
-56
Let y(a) = -60*a + 2450. Determine y(43).
-130
Let j(f) = 85*f - 8084. Calculate j(99).
331
Let f(a) = a**2 - 10*a - 20. Give f(-4).
36
Let s(p) = p**3 + 20*p**2 + 17*p - 48. What is s(-19)?
-10
Let d(n) = -18*n**2 - 40*n + 233. Determine d(-5).
-17
Let a(z) = -z**3 + 12*z**2 - 44*z + 736. Calculate a(13).
-5
Let b(p) = 2*p**3 - 3*p**2 - 8*p - 15. Calculate b(-3).
-72
Let y(b) = -b**3 - 66*b**2 - 8. Calculate y(-66).
-8
Let p(m) = -3*m**2 + 60*m - 912. Calculate p(23).
-1119
Let s(t) = t**3 - 8*t**2 + 9*t - 12. Determine s(6).
-30
Let m(v) = -3*v**2 + 53*v + 95. Give m(19).
19
Let m(q) = 2*q - 142. What is m(85)?
28
Let z(r) = 432*r + 542. Determine z(-2).
-322
Let j(l) = 4*l**2 - 8*l - 19. Determine j(-4).
77
Let s(n) = -n**3 + 12*n**2 - 103*n - 261. What is s(-2)?
1
Let j(o) = 2*o**2 - 86*o + 72. Calculate j(42).
-12
Let a(r) = 5*r**3 + 87*r**2 + 41*r + 47. What is a(-17)?
-72
Let w(h) = -683*h + 2028. Determine w(3).
-21
Let g(h) = 1706*h + 15365. Give g(-9).
11
Let o(f) = 27*f + 200. What is o(-9)?
-43
Let i(v) = 395*v**2 - 5*v - 6. Determine i(1).
384
Let l(v) = 34*v**3 + 375*v**2 + 3*v - 96. What is l(-11)?
-8
Let a(h) = h**3 + 6*h**2 - 11*h - 26. Calculate a(-6).
40
Let p(q) = -q**3 + 94*q**2 + 1044*q - 444. Determine p(104).
-28
Let z(l) = -4*l**2 - 12*l + 15. Give z(-11).
-337
Let a(o) = 33*o**3 - 3*o**2 + 26*o + 83. Give a(-3).
-913
Let o(h) = 533*h - 2129. What is o(4)?
3
Let p(l) = 110*l + 9608. Give p(-88).
-72
Let i(u) = 360*u + 1412. Determine i(-4).
-28
Let i(d) = -d**2 - 3*d + 2. Determine i(-8).
-38
Let b(k) = -k**3 + 38*k**2 - 63*k - 335. Determine b(36).
-11
Let c(z) = -z**3 + z**2 + 75*z - 105. Calculate c(0).
-105
Let x(i) = -11*i**3 + 6*i + 4. Calculate x(-2).
80
Let p(z) = 57*z + 412. Give p(-10).
-158
Let y(x) = 24*x + 470. Give y(-12).
182
Let u(p) = -7*p - 1022. Determine u(-125).
-147
Let h(t) = t**2 + 715*t + 16629. Give h(-24).
45
Let g(s) = -2*s**2 + 62*s - 1. What is g(0)?
-1
Let x(g) = 6*g**3 - 424*g**2 - 141*g - 81. Calculate x(71).
-10
Let x(u) = -2*u**2 - 112*u - 35. Calculate x(-56).
-35
Let v(h) = h**3 - 13*h**2 - 193*h + 41. Determine v(-9).
-4
Let d(j) = -j**3 - 41*j**2 + 85*j - 42. Calculate d(-43).
1
Let s(i) = i**3 + 8*i**2 - 210*i + 469. Give s(9).
-44
Let d(s) = 24*s - 276. Determine d(9).
-60
Let c(u) = -u**2 + 85*u - 1108. Give c(69).
-4
Let u(v) = 11*v**2 - 74*v - 59. What is u(8)?
53
Let d(n) = -3*n**3 + 58*n**2 - 7*n - 245. Calculate d(19).
-17
Let a(u) = -u**2 + 64*u + 2109. Give a(-24).
-3
Let w(h) = -35*h**2 + 17*h + 17. What is w(-2)?
-157
Let l(n) = -n**3 + 39*n**2 + 93*n - 469. Determine l(41).
-18
Let f(j) = 15*j + 140. What is f(-10)?
-10
Let s(g) = -6*g - 77. Calculate s(6).
-113
Let q(u) = -15*u - 823. What is q(-56)?
17
Let r(a) = -2*a**2 + 178*a - 841. Calculate r(5).
-1
Let b(v) = -85*v - 583. Determine b(-7).
12
Let k(v) = 4*v**2 + 49*v - 69. Give k(-14).
29
Let i(x) = -x**3 + 34*x**2 + 39*x + 1156. Determine i(36).
-32
Let m(j) = 14*j**2 + 441*j + 13. Calculate m(-31).
-204
Let j(x) = 164*x - 6. Give j(-1).
-170
Let l(x) = -431*x + 13782. Give l(32).
-10
Let s(p) = -54*p + 3097. Give s(57).
19
Let j(i) = 73*i + 53. Calculate j(-1).
-20
Let y(l) = 10*l**3 - 4*l**2 - 9*l + 27. Calculate y(2).
73
Let f(y) = -10*y + 243. Determine f(16).
83
Let t(v) = -v**3 + 15*v**2 + 104*v + 14. What is t(-5)?
-6
Let d(m) = 2*m**3 + 52*m**2 - 59*m + 62. What is d(-27)?
197
Let o(m) = -2*m**3 + 154*m**2 - 1221*m - 18. Give o(9).
9
Let l(y) = -25*y - 1007. What is l(-40)?
-7
Let g(b) = 2*b - 134. Determine g(49).
-36
Let a(n) = -2*n**2 - 59*n + 273. Determine a(11).
-618
Let y(r) = -3*r**3 - 70*r**2 + 53*r + 106. Give y(-24).
-14
Let k(m) = -m**3 + 13*m**2 - 10*m + 124. What is k(13)?
-6
Let d(i) = i**2 - 2*i - 99. Calculate d(-8).
-19
Let r(f) = f**3 - 48*f**2 - 3*f + 185. What is r(48)?
41
Let l(g) = -g**3 + 125*g**2 + 3*g + 15. What is l(0)?
15
Let w(v) = -16*v + 1437. Give w(86).
61
Let y(p) = 30*p - 1529. Determine y(50).
-29
Let h(b) = b**3 - 53*b**2 + 98*b - 111. Calculate h(51).
-315
Let c(x) = 2*x**3 - 23*x**2 + 33*x - 99. Calculate c(10).
-69
Let c(n) = n**2 + 161*n + 949. What is c(-6)?
19
Let f(h) = 2*h**2 - 72*h + 487. What is f(26)?
-33
Let n(q) = q**3 + 19*q**2 + 123*q + 575. Calculate n(-13).
-10
Let t(a) = 18*a - 63. Give t(0).
-63
Let l(s) = 988*s - 11824. Calculate l(12).
32
Let l(d) = 17*d + 211. Calculate l(-11).
24
Let g(h) = h**2 - 13*h - 216. What is g(-10)?
14
Let s(k) = 2*k**3 + 19*k**2 - 101*k - 150. Calculate s(-13).
-20
Let y(r) = r**3 + 20*r**2 - 43*r + 83. Calculate y(-22).
61
Let b(m) = 44*m**2 + 2*m - 1. Calculate b(2).
179
Let v(l) = l**2 + 68*l - 5921. Give v(-118).
-21
Let c(v) = 1488*v + 4475. What is c(-3)?
11
Let n(s) = -33*s**2 + 430*s + 27. Give n(13).
40
Let z(x) = -7*x + 2. What is z(-3)?
23
Let y(c) = -31*c - 118. Calculate y(-3).
-25
Let m(a) = 1257*a + 3800. Calculate m(-3).
29
Let d(q) = -66*q + 67. Determine d(0).
67
Let v(k) = -k**2 + 2*k + 1284. Calculate v(-35).
-11
Let a(t) = 7*t**3 + 299*t**2 - 84*t + 77. Calculate a(-43).
-9
Let y(o) = 2*o**2 - 31*o - 24. What is y(14)?
-66
Let k(a) = -a**3 + 9*a**2 + 16*a + 2. Determine k(-2).
14
Let x(p) = -p**3 + 13*p**2 + 2*p - 52. What is x(13)?
-26
Let a(f) = 33*f + 837. Determine a(-26).
-21
Let i(y) = 4*y**3 - 140*y**2 + 41*y - 1443. Give i(35).
-8
Let u(o) = -9*o**3 - 42*o**2 + 9*o - 18. Determine u(-5).
12
Let g(l) = -3062*l + 24502. Calculate g(8).
6
Let j(h) = 7*h**2 - 7*h + 11. Give j(3).
53
Let w(g) = -8*g - 587. Give w(-70).
-27
Let u(s) = s**3 - 87*s**2 + 84*s + 135. Determine u(86).
-37
Let v(d) = 2*d**2 + 133*d - 277. Determine v(2).
-3
Let q(a) = -a**2 - 13*a - 92. Give q(-17).
-160
Let j(v) = v**3 - 83*v**2 - 352*v + 353. What is j(87)?
5
Let w(o) = o**3 + 40*o**2 + 268*o - 62. Give w(-31).
279
Let d(v) = 73*v - 1993. Give d(25).
-168
Let c(u) = u**3 - u**2 - 34*u - 36. What is c(7)?
20
Let z(r) = 1699*r + 30614. Give z(-18).
32
Let q(l) = -l**3 + 67*l**2 - 263*l + 54. Determine q(4).
10
Let t(x) = -x**3 + 38*x**2 - 7*x + 1904. Determine t(39).
110
Let m(c) = c**3 - 7*c**2 - 25*c + 98. Calculate m(6).
-88
Let j(q) = -q**3 + 52*q**2 - 85*q - 394. Give j(50).
356
Let h(v) = -10*v - 28. What is h(-15)?
122
Let d(o) = -6*o**2 - 908*o + 6337. Give d(7).
-313
Let d(m) = 8*m**3 - 1513*m**2 + 183*m + 1135. Determine d(189).
1
Let c(q) = -5*q**2 - 48*q - 54. Give c(-12).
-198
Let c(a) = -a**3 - 25*a**2 + 307*a + 6239. Determine c(-28).
-5
Let x(y) = y**3 + 4*y**2 - 17*y - 93. What is x(-6)?
-63
Let b(a) = 499*a**3 - 17*a**2 - 12*a + 5. Give b(